12. Let j = 20 - 27. Calculate t(j).
5
Let k(c) be the first derivative of c**3 + c**2 - c + 2. Suppose 4 - 2 = 2*s. Suppose l + 2 + 0 = 3*f, 2*l - s = f. Calculate k(f).
4
Let p(r) be the second derivative of 1/6*r**3 - 1/2*r**2 + 0 + 4*r. What is p(5)?
4
Let h(c) = -3*c - 4. Let m = -7 + 3. What is h(m)?
8
Let i(z) = -12 + 0*z**3 + 3 + z**3 + 9*z**2 - 6*z**3. Let r(b) = b**3 - 2*b**2 + 2. Let v(o) = -2*i(o) - 9*r(o). Determine v(-1).
-1
Let p(j) be the second derivative of -j**5/10 - 5*j**4/12 - j**3/2 - 3*j**2/2 + 14*j. Calculate p(-3).
15
Let k(n) = -4 + n**2 - 1 + 1. Suppose -2*i = 2*j - 2, -2*i - 5*j + 9 = -2. Let v be 2/(-4)*(2 + i). Calculate k(v).
-4
Suppose -5*l - 13 = -z - 10*l, 0 = 3*z + l - 11. Let s(d) = d**3 - 1 - 2*d + 2 + 8*d**z. Calculate s(1).
8
Let w(o) = o**2 + 3*o - 3. Suppose -4*d = -d - 3*f - 21, d = -f - 3. Give w(d).
7
Let f(b) = -3*b - 1. Let t be f(-3). Let q = -4 + t. Let w(o) be the first derivative of o**4/4 - 4*o**3/3 + o**2 - 2*o + 19. What is w(q)?
6
Suppose -4 = 2*j - 10. Suppose -j*f + 8 = -2*m - f, 4*m = -5*f + 2. Let c = 0 + m. Let l(b) = -b**2 - 3*b. What is l(c)?
2
Let w(k) = 0*k - 2*k**3 - 2*k - 4 - 5*k**2 + k**3 - 3. Suppose -3 = -2*j - 13. Calculate w(j).
3
Let s(u) = u - 5. Suppose p + 3*x = -14, 18 = -5*x + 3. Calculate s(p).
-10
Let z be 56/(-42) + 2/(-3). Let k(p) = 3*p. Determine k(z).
-6
Let y(c) = -c**2 + c + 4 - 8 + 4*c. Suppose 3*s - 29 = 4*x, 0 = -4*s + 4*x - 3*x + 17. Suppose 17 = a - s*g, a - 5*a + g = -24. Give y(a).
-4
Let t(g) = -2*g**2 + 5*g + 1. Let s be (-4)/(-2)*3/(-6). Let w(u) = -u**3 - u**2 - u + 1. Let h(m) = s*t(m) - w(m). Let n be (-8)/(-2)*(-1)/1. What is h(n)?
-2
Let k(w) = w**3 - 7*w**2 + 10*w + 6. Let a be k(5). Let d(l) = -6*l - l - 1 + 9*l - a. Calculate d(5).
3
Let d(i) be the second derivative of 2*i + 0 + 3/2*i**2 + 1/12*i**4 + i**3. Determine d(-5).
-2
Let m = -2/23 - -31/92. Let y(a) be the first derivative of 2/3*a**3 - m*a**4 - 2 - a + 1/2*a**2. Determine y(3).
-7
Let h(q) = q**2 - 5*q + 3. Let f(p) = 2*p**3 - 4*p**2 + 6*p - 7. Let o be f(2). Determine h(o).
3
Let s(i) be the first derivative of -i**4/4 - 4*i**3/3 - i**2/2 - 2*i - 12. What is s(-4)?
2
Let y(h) be the third derivative of 7*h**6/720 + h**5/120 - 5*h**4/24 + h**2. Let t(f) be the second derivative of y(f). Calculate t(1).
8
Let z = 8 + -6. Suppose -3*p - 1 = z. Let n(w) be the second derivative of 7*w**5/20 + w**3/6 + w**2/2 + w. Give n(p).
-7
Let c(d) = d + 9. Let p = 51 - 59. What is c(p)?
1
Let x(c) = -c**3 + 3*c**2 + 1. Let m be x(2). Suppose 0 = -4*r - 7 - m. Let q(p) = -p**3 - 3*p**2 - p - 3. Calculate q(r).
0
Let w(s) = -2*s - 7. Let j(x) = -3*x - 15. Let c(u) = -3*j(u) + 5*w(u). Let r(o) = -o**3 - 28*o**2 - 30*o - 74. Let y be r(-27). Give c(y).
3
Let j = 6 - 3. Suppose 0*z - j*z = -45. Suppose 3*m + z = -2*b + 36, 3*m - 24 = -3*b. Let c(t) = -t**2 + 4*t + 3. Calculate c(m).
-2
Let q(a) = a**2 - 7*a - 1. Let j(b) = b**2 - 6*b - 1. Let u(i) = 3*j(i) - 2*q(i). What is u(4)?
-1
Let w = 6 - 3. Let k(a) = -4*a**3 + w*a**2 + 2*a - 3*a**3 + 0*a**3 + 6*a**3. What is k(3)?
6
Let f(d) = -8 + 2*d + 3 - 5*d + 0*d. Determine f(-6).
13
Suppose -4*p + 20 = 2*j, 5*p - 4*j - 8 = p. Let n(d) = -2*d - 1. Give n(p).
-9
Let g(i) = 8*i**3 - i**2 + i. Suppose c - 3 = -2. Let l be 2/c - (0 - -1). Calculate g(l).
8
Let y(g) = 52*g + 15. Let v(h) = -13*h - 4. Let t(i) = 9*v(i) + 2*y(i). Let s(m) = 12*m + 5. Let l(c) = 5*s(c) + 4*t(c). Let p be (1/5)/(6/(-30)). What is l(p)?
-7
Let v(m) = -m**3 - 6*m**2 - 5*m + 3. Suppose -4*q - 4 + 0 = 0. Let d(a) = 3*a - 1. Let z be d(q). Give v(z).
-9
Let y(a) = a + 1. Let s(j) = -j**3 - 7*j**2 + 7*j - 3. Let k be 1/(-4) - 175/20. Let d = -17 - k. Let w be s(d). Determine y(w).
6
Let r(s) = -1 + 3*s**3 - 97*s + 98*s - 8*s**3 - s**2. Let c(l) be the third derivative of l**6/120 - l**4/24 + l**3/6 + l**2. Let y be c(0). Calculate r(y).
-6
Let g(w) be the first derivative of w**3/3 + 2*w**2 - 7*w + 1. Suppose c = -2*c + 51. Let l = 12 - c. Calculate g(l).
-2
Let x(a) = -a + 5. Let p be -3 - (5 - 4)*2. Calculate x(p).
10
Suppose 0*m = 5*m - 85. Suppose 0 = r + 5*u - 22, -m = -r - 3*u - 3. Let z(b) = 4*b - 2. What is z(r)?
6
Let c = 4 - 8. Let f = 3 + -2. Let b(s) = f - 3*s + 2 - 4*s**2 - s**3 + 4*s. What is b(c)?
-1
Let k(g) = -2*g**2 + 2*g + 4*g - 5*g + 4. What is k(3)?
-11
Let x = 15 + -11. Let w be 0/((-2)/2*2). Let c(r) = -6 + 0*r + 5*r + w*r**2 - r**2. Determine c(x).
-2
Let m(j) be the third derivative of 1/8*j**4 + 2*j**2 + 0*j + 0*j**5 + 0*j**3 - 1/720*j**6 + 0. Let z(a) be the second derivative of m(a). What is z(-1)?
1
Let h(z) = -z - z**3 - z**2 + 2 - 2*z**2 + 0*z. Let a(s) = s**2 - 2. Suppose -5*d = -n, 3*d = -4*n + 2*d. Let l be a(n). Calculate h(l).
0
Let j be -3 - -3 - 4/2. Let p(b) be the second derivative of 1/3*b**4 + 1/6*b**3 + 1/10*b**5 - b**2 + 0 - 2*b. Calculate p(j).
-4
Suppose -2*c + 2*y - 6 = 0, 19 = -5*c + 2*y - 2. Let z be 3 - (0 - 0) - 1. Let l(n) = -4*n**2 + 3*n - z + 2 - 5 - n**3 + 4. Give l(c).
9
Let i(m) be the first derivative of -m**3/3 - 5*m**2 - 6*m + 4. Let p be i(-10). Let z(g) = g**2 + 4*g - 8. Determine z(p).
4
Suppose -40 = 5*g - 2*l, -g + l - 8 = -0*l. Let m be (3/(-6))/(2/g). Let y(n) = 3*n**2 + n + 0 + 3 - 5*n. Calculate y(m).
7
Let a(b) = -b**2 + 4*b. Let g = -2 - -4. Suppose x + 0 + g = -3*f, -5*f + x = 14. Let q be (3/(-6))/(f/16). Calculate a(q).
0
Let a(z) be the first derivative of 1/6*z**3 + 2*z + z**2 + 1/12*z**4 + 2. Let d(k) be the first derivative of a(k). Determine d(0).
2
Suppose -18 = 5*g - 2*y, 0*y = -4*g + y - 12. Let w(p) = -4*p**2 - 2*p - p**3 + 4 + 0*p**3 - p**3 - 2. What is w(g)?
6
Let h(n) = n**2 - 7*n + 5. Let d = -49 + 71. Suppose 5*o - d = -2. What is h(o)?
-7
Let z(s) = 3*s - 1. Let k(r) = -r**2 + 6*r - 4. Suppose -3*c = 4*o - 29, 4*c + o - 30 = -0*c. Let y = -2 + c. Let g be k(y). Calculate z(g).
2
Let m(k) = -k + 1. Let j(c) = -3*c + 6. Let a = 4 - 3. Let v(q) = a*j(q) - 4*m(q). Let p(y) = y. Let h be p(2). Determine v(h).
4
Let a(t) = 17*t - 29. Let w(n) = -n - 1. Let l(v) = 9*v - 21. Let m(s) = l(s) - 2*w(s). Let d(x) = 5*a(x) - 8*m(x). What is d(5)?
-8
Suppose -4*l = -4*j + j - 16, -2*j - 9 = -l. Let g(x) = 3*x**3 - x**2 + 1. What is g(l)?
3
Let q(y) = -y**3 + 5*y**2 - 4*y + 6. Let l be q(4). Let a(m) = -8*m**2 + 3. Let h(g) = 7*g**2 - g - 2. Let i(z) = -6*a(z) - 7*h(z). Determine i(l).
2
Suppose -4*v = -3*j, -3*v - v + 2*j - 4 = 0. Let r(h) = -8*h - 2. What is r(v)?
22
Let c(h) = -h**2 - 3*h - 1. Suppose 0 - 3 = -3*y. Suppose t = -5*q + 3 + 2, 0 = -3*t - q + y. Suppose t = 2*b - 6 + 14. Give c(b).
-5
Suppose -30 = -7*a + 13*a. Let z(k) = k**3 + 5*k**2 + k + 6. Calculate z(a).
1
Let c(w) = -4*w + 3*w - 3*w - 5 + w**2. Suppose -2*d = -5*n - 14 - 15, n = -3*d + 18. Let i = d - 2. Calculate c(i).
0
Suppose -l + 3*l = -5*z - 10, -2*z - 2*l - 10 = 0. Let w(i) = i**3 + i - 2. What is w(z)?
-2
Let n be (-10)/4*((-12)/(-3) - 2). Let a(u) be the second derivative of u**3/6 + 7*u**2/2 + 4*u. Give a(n).
2
Let h = 55 + -51. Let p(f) = -f**3 - f**2 - f - 1. Let o(k) = 4*k**3 + 8*k**2 + 9*k + 9. Let v(w) = -o(w) - 5*p(w). Determine v(h).
-4
Suppose -20 = 4*y + y. Suppose 4*v - 5*u + 1 = 6, -2*u - 4 = -2*v. Let n(p) = 3*p + v - p + p. Give n(y).
-7
Suppose 55 = -4*t + 75. Let s(d) be the third derivative of d**4/24 - 2*d**3/3 - d**2. Calculate s(t).
1
Let i(n) be the third derivative of n**6/120 - n**4/24 + n**3/6 - n**2. Suppose -7 = 7*t + 7. What is i(t)?
-5
Let t(q) = q**2 + 5*q + 2. Suppose 3*h + 23 = -5*n, -3*n + 10*h - 7 = 5*h. Let z(r) = -r**2 - 5*r - 1. Let c(f) = n*z(f) - 3*t(f). Give c(-5).
-2
Let c(f) = -2*f - 24. Let z(o) = o + 12. Let q(t) = 4*c(t) + 9*z(t). Let j = -2 + 6. Suppose p + 2*k + k = 4, j*p + k = -17. Calculate q(p).
7
Let h(r) be the first derivative of r + 2 - 3/2*r**2. Calculate h(-2).
7
Let t(c) = -c - 1. Suppose 0 = -2*f - 5*g + 21, 2*f - 4 = -3*g + 7. Calculate t(f).
1
Let u(n) = -4 + 11*n**2 - 20*n**2 + 10*n**2 + 2*n - n**3. Determine u(-3).
26
Let c(o) = 2*o + 0*o + 4*o**2 - 1 - 1 + 2*o**3 - 2. Suppose -4 = -3*d - 1. Let s(r) = r**3. Let v(t) = d*s(t) - c(t). What is v(-3)?
1
Let i(w) be the first derivative of -w**5/24 - 2*w**3 - 2. Let t(v) be the third derivative of i(v). Give t(-1).
5
Su